when 243089 is divided by 847?
0
What is the remainder when 35575 is divided by 2092?
11
What is the remainder when 10747 is divided by 718?
695
What is the remainder when 11400 is divided by 181?
178
What is the remainder when 11782 is divided by 11766?
16
Calculate the remainder when 625372 is divided by 54.
52
Calculate the remainder when 18033 is divided by 71.
70
Calculate the remainder when 90940 is divided by 211.
210
Calculate the remainder when 39887 is divided by 39867.
20
Calculate the remainder when 5798 is divided by 132.
122
What is the remainder when 3320 is divided by 2422?
898
What is the remainder when 165734 is divided by 144?
134
Calculate the remainder when 47056 is divided by 35.
16
Calculate the remainder when 72531 is divided by 5579.
4
What is the remainder when 31207 is divided by 154?
99
What is the remainder when 586896 is divided by 331?
33
Calculate the remainder when 1094813 is divided by 8050.
13
Calculate the remainder when 24470 is divided by 275.
270
Calculate the remainder when 194491 is divided by 64829.
4
What is the remainder when 108886 is divided by 493?
426
What is the remainder when 122 is divided by 16?
10
What is the remainder when 301137 is divided by 75283?
5
What is the remainder when 629 is divided by 48?
5
Calculate the remainder when 49501 is divided by 222.
217
Calculate the remainder when 104099 is divided by 548.
527
Calculate the remainder when 51739 is divided by 4311.
7
What is the remainder when 7798 is divided by 147?
7
Calculate the remainder when 13666 is divided by 4555.
1
What is the remainder when 79762 is divided by 633?
4
What is the remainder when 3247198 is divided by 198?
196
What is the remainder when 33915 is divided by 1614?
21
Calculate the remainder when 1207 is divided by 306.
289
What is the remainder when 9858 is divided by 20?
18
Calculate the remainder when 4774 is divided by 2379.
16
Calculate the remainder when 4191079 is divided by 232.
231
What is the remainder when 4174 is divided by 29?
27
What is the remainder when 205688 is divided by 64?
56
What is the remainder when 47991 is divided by 4354?
97
Calculate the remainder when 11999 is divided by 42.
29
Calculate the remainder when 113545 is divided by 8733.
16
What is the remainder when 2993 is divided by 2859?
134
Calculate the remainder when 12602 is divided by 2019.
488
What is the remainder when 10327 is divided by 860?
7
What is the remainder when 1983 is divided by 185?
133
What is the remainder when 1401496 is divided by 454?
452
What is the remainder when 23778 is divided by 835?
398
Calculate the remainder when 1188332 is divided by 57.
53
Calculate the remainder when 35753 is divided by 128.
41
Calculate the remainder when 15843 is divided by 131.
123
What is the remainder when 24624 is divided by 12293?
38
What is the remainder when 546498 is divided by 42?
36
Calculate the remainder when 865 is divided by 106.
17
Calculate the remainder when 12315 is divided by 78.
69
What is the remainder when 1915 is divided by 635?
10
What is the remainder when 470 is divided by 315?
155
What is the remainder when 27372 is divided by 139?
128
Calculate the remainder when 184426 is divided by 141.
139
What is the remainder when 2509 is divided by 291?
181
What is the remainder when 8495 is divided by 29?
27
What is the remainder when 8444 is divided by 15?
14
Calculate the remainder when 219502 is divided by 7080.
22
Calculate the remainder when 6105 is divided by 669.
84
What is the remainder when 19769 is divided by 25?
19
Calculate the remainder when 4711 is divided by 1163.
59
What is the remainder when 1025 is divided by 271?
212
Calculate the remainder when 18522 is divided by 269.
230
What is the remainder when 155983 is divided by 51972?
67
Calculate the remainder when 643787 is divided by 595.
592
What is the remainder when 11590 is divided by 192?
70
Calculate the remainder when 2642478 is divided by 38.
34
What is the remainder when 11767 is divided by 11720?
47
What is the remainder when 80897 is divided by 19?
14
Calculate the remainder when 139883 is divided by 139879.
4
Calculate the remainder when 55439 is divided by 880.
879
Calculate the remainder when 208063 is divided by 136.
119
What is the remainder when 1093 is divided by 821?
272
What is the remainder when 1332 is divided by 1203?
129
What is the remainder when 241782 is divided by 135?
132
What is the remainder when 15328 is divided by 7661?
6
What is the remainder when 1412 is divided by 275?
37
Calculate the remainder when 24391 is divided by 7.
3
Calculate the remainder when 5424351 is divided by 503.
502
What is the remainder when 2303 is divided by 1138?
27
What is the remainder when 74332 is divided by 49?
48
What is the remainder when 1755 is divided by 191?
36
Calculate the remainder when 134980 is divided by 188.
184
What is the remainder when 19462 is divided by 73?
44
What is the remainder when 2627 is divided by 51?
26
What is the remainder when 309 is divided by 128?
53
Calculate the remainder when 1312 is divided by 628.
56
What is the remainder when 6439 is divided by 917?
20
Calculate the remainder when 52415 is divided by 9.
8
What is the remainder when 685981 is divided by 26?
23
What is the remainder when 67693 is divided by 556?
417
What is the remainder when 434602 is divided by 331?
330
Calculate the remainder when 6347 is divided by 101.
85
Calculate the remainder when 9098 is divided by 3526.
2046
Calculate the remainder when 12035 is divided by 376.
3
Calculate the remainder when 1572199 is divided by 224598.
13
What is the remainder when 5217 is divided by 173?
27
What is the remainder when 267071 is divided by 44494?
107
Calculate the remainder when 113139 is divided by 37708.
15
What is the remainder when 4162331 is divided by 354?
353
What is the remainder when 35762 is divided by 159?
146
Calculate the remainder when 8908 is divided by 635.
18
What is the remainder when 137927 is divided by 45966?
29
What is the remainder when 11195 is divided by 330?
305
What is the remainder when 4618 is divided by 843?
403
Calculate the remainder when 107559 is divided by 35796.
171
What is the remainder when 27127 is divided by 1504?
55
What is the remainder when 855 is divided by 365?
125
What is the remainder when 129822 is divided by 16226?
14
What is the remainder when 128471 is divided by 706?
685
Calculate the remainder when 5240 is divided by 831.
254
Calculate the remainder when 1976698 is divided by 41.
6
What is the remainder when 15808 is divided by 7827?
154
What is the remainder when 10743 is divided by 5362?
19
What is the remainder when 13286 is divided by 151?
149
Calculate the remainder when 102327 is divided by 270.
267
What is the remainder when 29466 is divided by 4910?
6
What is the remainder when 13479 is divided by 6719?
41
What is the remainder when 974974 is divided by 15?
4
What is the remainder when 196645 is divided by 65526?
67
What is the remainder when 3922 is divided by 1960?
2
What is the remainder when 900 is divided by 72?
36
What is the remainder when 4276 is divided by 269?
241
What is the remainder when 133713 is divided by 133707?
6
What is the remainder when 552 is divided by 295?
257
Calculate the remainder when 7838 is divided by 1946.
54
Calculate the remainder when 20478 is divided by 160.
158
What is the remainder when 117280 is divided by 909?
19
What is the remainder when 157842 is divided by 30?
12
What is the remainder when 4183 is divided by 1056?
1015
Calculate the remainder when 768777 is divided by 18.
15
What is the remainder when 404348 is divided by 351?
347
Calculate the remainder when 643 is divided by 364.
279
What is the remainder when 3400 is divided by 141?
16
Calculate the remainder when 210601 is divided by 57.
43
What is the remainder when 13226 is divided by 2645?
1
What is the remainder when 826755 is divided by 10?
5
Calculate the remainder when 1120 is divided by 259.
84
What is the remainder when 479294 is divided by 381?
377
Calculate the remainder when 5242 is divided by 820.
322
Calculate the remainder when 5888 is divided by 1898.
194
What is the remainder when 42660 is divided by 155?
35
Calculate the remainder when 7490 is divided by 440.
10